 when 111024116 is divided by 111024097?
19
Calculate the remainder when 154261516 is divided by 80.
76
Calculate the remainder when 6632875 is divided by 2210950.
25
What is the remainder when 696061 is divided by 14501?
13
Calculate the remainder when 8656554 is divided by 3767.
3755
Calculate the remainder when 90259764 is divided by 3760823.
12
What is the remainder when 4517647 is divided by 282352?
15
Calculate the remainder when 2788042 is divided by 1193.
1
Calculate the remainder when 6996812 is divided by 10.
2
Calculate the remainder when 21696105 is divided by 389.
19
Calculate the remainder when 4442149 is divided by 23.
21
What is the remainder when 4558956 is divided by 20?
16
Calculate the remainder when 3360189 is divided by 5638.
5579
Calculate the remainder when 5734604 is divided by 260662.
40
Calculate the remainder when 6361882 is divided by 118.
30
Calculate the remainder when 9918388 is divided by 163.
1
Calculate the remainder when 142880 is divided by 47401.
677
Calculate the remainder when 51080900 is divided by 14.
10
What is the remainder when 2542388 is divided by 363196?
16
Calculate the remainder when 4441232 is divided by 2251.
9
What is the remainder when 2658974 is divided by 1080?
14
What is the remainder when 384919 is divided by 4998?
73
What is the remainder when 22934975 is divided by 72579?
11
Calculate the remainder when 311657 is divided by 13035.
11852
Calculate the remainder when 11803490 is divided by 155.
85
Calculate the remainder when 8425638 is divided by 467.
24
What is the remainder when 47568666 is divided by 709980?
6
What is the remainder when 2346734 is divided by 1173336?
62
What is the remainder when 6428755 is divided by 1135?
115
What is the remainder when 940033 is divided by 44752?
241
What is the remainder when 64021286 is divided by 64021262?
24
Calculate the remainder when 1590269 is divided by 38784.
125
What is the remainder when 89681255 is divided by 2360033?
1
Calculate the remainder when 9249165 is divided by 1493.
30
Calculate the remainder when 65181856 is divided by 98.
96
Calculate the remainder when 23028 is divided by 11479.
70
Calculate the remainder when 454720 is divided by 454689.
31
What is the remainder when 279895887 is divided by 1592?
1591
Calculate the remainder when 3834626 is divided by 261.
14
What is the remainder when 1989237 is divided by 78?
3
What is the remainder when 4106896 is divided by 273791?
31
Calculate the remainder when 4984375 is divided by 60.
55
What is the remainder when 4412794 is divided by 24?
10
Calculate the remainder when 147113345 is divided by 36778332.
17
What is the remainder when 707055 is divided by 64265?
140
What is the remainder when 16088 is divided by 7330?
1428
What is the remainder when 43104652 is divided by 20?
12
What is the remainder when 399441 is divided by 3430?
1561
What is the remainder when 1479839 is divided by 275?
64
Calculate the remainder when 1051416 is divided by 350432.
120
What is the remainder when 1893736 is divided by 11?
9
What is the remainder when 106195302 is divided by 93?
90
Calculate the remainder when 46534 is divided by 7742.
82
What is the remainder when 1203148 is divided by 51?
7
What is the remainder when 86021674 is divided by 2362?
2358
What is the remainder when 8340789 is divided by 809?
808
Calculate the remainder when 4882195 is divided by 108492.
55
Calculate the remainder when 10197967 is divided by 5591.
5574
Calculate the remainder when 57291 is divided by 3841.
3517
What is the remainder when 80482 is divided by 16036?
302
Calculate the remainder when 488062 is divided by 94.
14
What is the remainder when 30350207 is divided by 312?
95
What is the remainder when 33879373 is divided by 1585?
1583
What is the remainder when 3090396 is divided by 772592?
28
What is the remainder when 302879 is divided by 338?
31
What is the remainder when 253780 is divided by 36253?
9
Calculate the remainder when 98595 is divided by 4545.
3150
What is the remainder when 976409 is divided by 19?
18
What is the remainder when 5944571 is divided by 1057?
3
Calculate the remainder when 621794 is divided by 333.
83
Calculate the remainder when 2675067 is divided by 33019.
528
Calculate the remainder when 223356354 is divided by 41.
39
Calculate the remainder when 546884 is divided by 10318.
30
Calculate the remainder when 315657 is divided by 676.
641
Calculate the remainder when 57041 is divided by 56459.
582
Calculate the remainder when 337958 is divided by 253.
203
Calculate the remainder when 26388441 is divided by 6597107.
13
Calculate the remainder when 149284 is divided by 542.
234
Calculate the remainder when 2707388 is divided by 478.
474
What is the remainder when 17243803 is divided by 15?
13
What is the remainder when 30657122 is divided by 177?
14
Calculate the remainder when 332745 is divided by 1254.
435
What is the remainder when 520951 is divided by 104063?
636
Calculate the remainder when 951425 is divided by 475711.
3
What is the remainder when 1167055 is divided by 16209?
7
What is the remainder when 6242429 is divided by 4126?
3917
Calculate the remainder when 32077 is divided by 542.
99
What is the remainder when 81766062 is divided by 4239?
4230
What is the remainder when 77241487 is divided by 5541?
5488
What is the remainder when 4419 is divided by 245?
9
Calculate the remainder when 161486 is divided by 17894.
440
Calculate the remainder when 1574795 is divided by 78735.
95
What is the remainder when 234869 is divided by 115323?
4223
What is the remainder when 742480 is divided by 247391?
307
Calculate the remainder when 25465 is divided by 18.
13
Calculate the remainder when 3797098 is divided by 244.
214
Calculate the remainder when 34613 is divided by 648.
269
What is the remainder when 152336417 is divided by 3051?
3038
What is the remainder when 1278569 is divided by 2835?
2819
Calculate the remainder when 13182 is divided by 407.
158
What is the remainder when 339251 is divided by 1014?
575
Calculate the remainder when 596289 is divided by 54206.
23
What is the remainder when 286414 is divided by 7?
2
What is the remainder when 897955 is divided by 11968?
355
Calculate the remainder when 44156 is divided by 515.
381
What is the remainder when 98125 is divided by 24447?
337
What is the remainder when 3114877 is divided by 582?
13
What is the remainder when 1290269 is divided by 1153?
62
Calculate the remainder when 30695523 is divided by 35651.
12
What is the remainder when 50537499 is divided by 100?
99
Calculate the remainder when 218464 is divided by 529.
516
Calculate the remainder when 692247 is divided by 5259.
3318
What is the remainder when 20167 is divided by 1117?
61
Calculate the remainder when 28078088 is divided by 1169920.
8
Calculate the remainder when 24652705 is divided by 3627.
3613
Calculate the remainder when 334630129 is divided by 16230.
16219
Calculate the remainder when 135067 is divided by 721.
240
What is the remainder when 337478 is divided by 18747?
32
Calculate the remainder when 3272034 is divided by 435.
399
What is the remainder when 107879519 is divided by 359?
19
What is the remainder when 6308224 is divided by 3638?
3570
Calculate the remainder when 272788801 is divided by 5169.
5164
Calculate the remainder when 76355 is divided by 424.
35
Calculate the remainder when 106796 is divided by 106478.
318
Calculate the remainder when 2750443 is divided by 687535.
303
What is the remainder when 4572200 is divided by 186?
134
Calculate the remainder when 54843 is divided by 795.
783
Calculate the remainder when 8364279 is divided by 167.
84
Calculate the remainder when 187523 is divided by 4359.
86
What is the remainder when 802786 is divided by 891?
886
What is the remainder when 736278 is divided by 1513?
960
Calculate the remainder when 3300830 is divided by 132033.
5
Calculate the remainder when 40767227 is divided by 573.
569
What is the remainder when 48211 is divided by 48121?
90
What is the remainder when 101352 is divided by 817?
44
Calculate the remainder when 347883 is divided by 57977.
21
What is the remainder when 3993736 is divided by 30?
16
Calculate the remainder when 170252 is divided by 4572.
1088
What is the remaind